0*d - 1335766 = -529*d - 251572. Calculate the highest common divisor of 126 and d.
18
Let o = 302 + -223. Suppose -2*u - q = -o, u + 0*q - 42 = 2*q. Calculate the greatest common divisor of u and 280.
40
Let r be 11/(-132) - ((-731405)/60 - 5). What is the highest common divisor of r and 45?
45
Let l = 32 - 17. Let o be l/(-1)*((-52)/20 + 2). Let k = 27 - 18. Calculate the greatest common factor of k and o.
9
Suppose -5*l - 2*h = -25, -8*h + 11*h - 30 = -5*l. Let w be (-118)/4*(-3 + (-1 - -2)). Let a = w - 32. What is the highest common divisor of a and l?
3
Suppose 5*l = 2*o - 802, o + l - 617 = -223. What is the highest common divisor of 8 and o?
4
Let v = 610 - -1887. What is the greatest common factor of 77 and v?
11
Let t = -3 - -13. Let w be (17 - -1)*t/10. Suppose -3*q - 12 = 0, 4*m - 4*q = 2*m + w. Calculate the greatest common factor of 3 and m.
1
Suppose -4*i - 1272 = -5*u - 35, 3*u - 1227 = 4*i. Let o = 332 + i. Calculate the highest common factor of 174 and o.
29
Let a be 9 - (-2 - 1)/3. Let l(v) = 20*v + 1. Let b be l(-3). Let m = -34 - b. Calculate the highest common divisor of a and m.
5
Suppose 5*v + 4*y - 14124 = 0, -2*v + 3*y = 540 - 6231. Calculate the greatest common divisor of 288 and v.
48
Let q(d) = 22 + 27 - 36 + 11 + d**2. Let m be q(8). Let y = -50 + m. What is the greatest common factor of 95 and y?
19
Let z(i) = -24*i - 1241. Let r be z(-53). What is the greatest common factor of r and 1736?
31
Let j be (-1)/1*(1 - (-1 - -18)). Suppose -j*s + 22*s = 24. What is the greatest common factor of s and 20?
4
Suppose k - 61 = -2*y, -2*k + 28 + 69 = -y. Suppose -4*c = -3*x - 226, c + 55*x = k*x + 47. What is the greatest common factor of c and 88?
11
Suppose -10*t - 191 = 229. Let o be (-24)/9*t/8. Calculate the highest common divisor of o and 182.
14
Let v be ((-22178)/65)/(-1) + (-12)/10. Calculate the highest common divisor of 500 and v.
20
Suppose -329 = 26*r - 5321. Suppose 2*m + 0*m - 128 = 0. What is the greatest common factor of m and r?
64
Suppose -g + 5*q - 10 = g, 0 = -3*g - 2*q - 15. Let c = g - -9. Suppose -c*l + 120 = l. Calculate the greatest common factor of 24 and l.
24
Let a(j) = 61*j**2 + j. Let i be a(-1). Suppose 0 = 2*l + 3*q - 624, 1696*l - 270 = 1695*l - 5*q. What is the highest common factor of l and i?
30
Suppose -176*v + 392*v = 193*v + 15180. Let c be ((-7)/(28/48))/(-1). What is the highest common factor of c and v?
12
Suppose 2*m = -4*k + 264, -2*m - 3*k - 278 = -4*m. Let z = m - 120. What is the highest common factor of z and 2?
2
Let k be (-68)/1496 - ((-26739)/66)/3. What is the greatest common divisor of k and 500?
5
Let h(n) = 224*n + 800. Let i be h(-3). Calculate the greatest common divisor of i and 6464.
64
Let g = 50 + 251. Let l = -205 + g. Calculate the greatest common divisor of 256 and l.
32
Suppose -13*m = 1324 - 5978. Suppose 0 = 5*d - 4*v - 535, 5*v + 0*v - m = -3*d. Suppose 5*j + 1 = d. What is the highest common divisor of j and 110?
22
Suppose 17*s - 16*s + 76912 = 77*s. What is the highest common divisor of 644 and s?
92
Let y = -455 - -492. Suppose r + 8 = y. What is the highest common divisor of 2 and r?
1
Suppose -22 = -7*b - 8. Let g be b - (2 - 6 - -3). Suppose 0 = g*r - 204 - 255. What is the greatest common factor of 17 and r?
17
Let p(z) = -1060*z - 281. Let u be p(-1). What is the highest common factor of 41 and u?
41
Suppose 58*u + 176 - 2206 = 0. Calculate the greatest common factor of 2030 and u.
35
Let b be 15*(-4)/9*((-66)/12 - -4). Suppose 6 = 3*o, k - 61 = 2*k + o. Let j = k + 93. What is the greatest common factor of j and b?
10
Let m(p) = -3*p**2 + 15*p + 191. Let a be m(18). Let t = 565 + a. Let q be -2 - 0 - (1 + -9). Calculate the highest common factor of t and q.
6
Let u(z) = 538*z - 2480. Let x be u(5). What is the highest common divisor of x and 390?
30
Let i be 1*(-6)/(-9)*(106 - -2). Let l = -769 + 793. Calculate the highest common factor of l and i.
24
Let j = -1 + 65. Let s = 127 - j. What is the highest common factor of s and 27?
9
Let c(h) be the second derivative of -31*h**3/2 - 23*h**2 - 16*h - 3. Let a be c(-7). Calculate the greatest common divisor of a and 55.
55
Suppose -16*g - 50*g + 75394 = -54560. What is the greatest common divisor of 55 and g?
11
Suppose 3*z - 5*j - 4 + 0 = 0, 4 = 2*z - 3*j. Suppose z*m - 4*m + 3*g = 653, -5*g = 2*m - 337. Calculate the greatest common factor of m and 23.
23
Let x be 4288/12*(-387)/(-172). What is the greatest common divisor of 132 and x?
12
Suppose 5*j + 8 = 3*g - 318, g = 2*j + 107. Suppose -14*q + g = -q. Let o(z) = -z**2 + 18*z + 9. Let s be o(9). What is the highest common divisor of s and q?
9
Let s = 9868 + -9715. What is the highest common divisor of 87 and s?
3
Suppose -77*u + 78*u - 12 = 0. Let x be 238/8 - 2 - (-2)/8. What is the highest common divisor of u and x?
4
Let w(b) = 123*b**2 + 311*b + 939. Let p be w(-3). Let l = -45 - -66. What is the highest common factor of p and l?
21
Let u = -96 + 108. Let a be (u/1 - 6/2) + -1. Let z be (204/8)/(4/a). What is the greatest common divisor of 102 and z?
51
Let p be (583/(-954) + 2/18)*-912. What is the greatest common factor of 2584 and p?
152
Let x(g) = -14*g + 69. Let q be 6/4*(-56)/(-21). Let p be x(q). What is the highest common divisor of p and 1?
1
Let n(c) = c**2 + 6*c + 7. Let z be n(-3). Let m be ((-2)/(-2) + z)*-40. Let v = 253 - 237. What is the greatest common divisor of v and m?
8
Let x be (6/(-18))/(3/729). Let i = x - -251. What is the greatest common divisor of i and 10?
10
Suppose 9557 + 1678 = 117*s - 10*s. What is the greatest common divisor of 3885 and s?
105
Let m be (92 + -49 + -16641)/(1/(-2)). What is the greatest common divisor of 172 and m?
172
Suppose 3*u - 80*g - 867 = -83*g, 4*u = 2*g + 1138. Calculate the highest common factor of u and 418.
22
Let m = -413 + 250. Let y = m + 198. Calculate the highest common factor of 140 and y.
35
Let r = -931 - -600. Let h = r - -466. What is the highest common divisor of h and 20?
5
Suppose 3*z - 417 = 27. Let t be (-8)/60 + (-3782)/(-465). Calculate the highest common factor of z and t.
4
Let h be (-7 - -11 - -2) + (-10)/(-2). Let s = 2055 - 1467. Let f = s + -379. Calculate the greatest common divisor of f and h.
11
Suppose -3*a + 4*a = -3*a. Suppose a = 2*v - 4*v + 126. Suppose v + 25 = 11*b. What is the highest common factor of b and 40?
8
Let k = -495 + 502. Let s(c) = 84*c**2 + 12*c - 1. Let n be s(3). What is the greatest common factor of k and n?
7
Let v = 8386 - 8360. What is the highest common factor of v and 832?
26
Let w = 47 + 7. Let p(y) = -y**2 - 10*y + 722. Let o be p(-32). Calculate the highest common factor of w and o.
18
Suppose 1123 = 49*h + 559 - 1592. Calculate the greatest common factor of h and 55.
11
Let g(d) = -18*d - 318. Let z be g(22). Let a = z + 886. What is the greatest common divisor of a and 774?
86
Let x = 5075 + -4445. Calculate the greatest common factor of x and 2450.
70
Let a be 1468/35 + ((-4)/(-35))/2. Calculate the highest common factor of 672 and a.
42
Suppose 0 = a + 3*r - 577, 0 = -4*a - 4*r - 882 + 3230. Let p(s) = 2*s + 74. Let q be p(0). Calculate the greatest common factor of q and a.
74
Let v(o) = 10*o - 3. Let f(b) = b**3 + 27*b**2 + b + 35. Let n = -56 - -29. Let l be f(n). Let c be v(l). What is the greatest common factor of c and 11?
11
Suppose -11296 = -12*y + 28*y. Let q = -688 - y. What is the highest common divisor of q and 27?
9
Suppose -w + 119*q + 76 = 122*q, 0 = -4*q - 16. What is the greatest common factor of w and 6028?
44
Let v = 100 - -5288. Calculate the highest common factor of v and 12.
12
Let v be (1 + 1)/((-13)/104*4). Let r be (-1207)/(-3) - (v - (-50)/15). Calculate the greatest common factor of 31 and r.
31
Let n(w) = -843*w - 1502. Let a be n(-2). What is the greatest common factor of a and 115?
23
Suppose -r - 4*m - 1 = 0, m + m = 3*r - 67. Calculate the greatest common divisor of r and 3287.
19
Let y(k) = -k**3 - 4*k - 6. Let p = -28 - -32. Suppose 0 = -3*i - p*l + 7, -i + 3*i = -l - 2. Let r be y(i). What is the greatest common factor of 11 and r?
11
Let b(z) = -z - 4. Suppose 4*n + 16 = -4*u, -n = n. Let h be b(u). Suppose 3*r = 9, -4*g + h*g - 4*r = -56. What is the greatest common factor of 1